 o?
25
Suppose -2*c = -2*y + 254, -51*y + 53*y - 4*c = 238. Calculate the remainder when y is divided by 135.
0
Calculate the remainder when 5318 is divided by 9 + (118 - 10) + -22.
93
Let c(w) = w**2 - 25*w - 31. Let s be c(26). Let x = 60 + -28. What is the remainder when (0 - 6/4)*420/s is divided by x?
30
Let h(k) = -37*k - 345. Suppose -26*u - 370 = 11*u. What is the remainder when 37 is divided by h(u)?
12
Suppose -4*s + 6 = -302. Calculate the remainder when 899/6 - (-55)/330 is divided by s.
73
Let u = 8773 - 8763. Calculate the remainder when 1929 is divided by u.
9
Let i = 9010 + -8173. Calculate the remainder when i is divided by 69.
9
Suppose -3*w = -5*s + 992, 0 = -2*w + 1 + 11. Calculate the remainder when 2618 is divided by s.
194
Suppose -50*m + 765 = 4*d - 47*m, -3*d = -m - 564. Calculate the remainder when d is divided by 131.
58
Calculate the remainder when 4568 is divided by (-17)/(153/6)*(-117)/6.
5
Let x(v) = -10*v + 110. Let q be x(9). Suppose -r = -2*i + 29, 2*i = i - 4*r - 8. What is the remainder when (-10 + 250/q)*236/10 is divided by i?
11
Suppose 5*g + 3*l - 8*l = 25, 4*g = -3*l + 13. Suppose g*r + 61 = 505. What is the remainder when r is divided by 16?
15
Suppose -8*n - 17*n + 3184 = -13691. Calculate the remainder when n is divided by 98.
87
Let l = 255 + -246. Suppose -7*w + l = -26. Let c(f) = f**3 + 8*f**2 - 10*f - 1. Calculate the remainder when c(-9) is divided by w.
3
Let s be (496/(-3 - 1) + 1)*-3. Let i = s - 155. What is the remainder when i is divided by 27?
25
Let i = 650 + -650. Suppose 4*z - 113 = 23. Suppose i = -3*f + z + 32. Calculate the remainder when f is divided by 17.
5
Let z(q) = q**3 - 6*q**2 - 16*q + 18. Let d = 29 - 1. Calculate the remainder when z(11) is divided by d.
27
Let d = 6309 - 6272. Calculate the remainder when 215 is divided by d.
30
Suppose -4*g - 4*c = -2320, -128*g + c - 2880 = -133*g. What is the remainder when g is divided by 48?
47
What is the remainder when ((-1)/3)/(42/(-2534)*(-4)/(-72)) is divided by 37?
29
Suppose -4 = -3*p + k, p - 2*k - 2 = -3*p. Suppose 0 = 1960*o - 1961*o + 46. Calculate the remainder when o is divided by (-6)/(-4)*16/p.
6
Let m = 79 - 74. Suppose -m*d + 680 = 3*d. Suppose -4*l = -3*t + 74, -5*t + l - 2*l = -d. What is the remainder when 61 is divided by t?
7
Suppose 0 = -72*b - 244*b + 15540 + 22380. What is the remainder when 183 is divided by b?
63
Let s(h) = h**2 + 21*h + 136. Let x = 15 + -10. Suppose 4*j + 5*l = 294, -j - x*l + 77 - 11 = 0. Calculate the remainder when j is divided by s(-10).
24
Let r = 17645 + -17585. Calculate the remainder when r is divided by 33.
27
Suppose -3*j + 406 + 212 = -150. What is the remainder when j is divided by 75?
31
Suppose -20*f + 321 = -23*f. Let w be (-6)/15 + 1539/(-15). Let z = w - f. Calculate the remainder when 17 is divided by z.
1
Suppose 22*f = -68*f + 9270. What is the remainder when 310 is divided by f?
1
Let g(b) = -3*b**3 + 157*b**2 + 114*b - 396. What is the remainder when 1676 is divided by g(53)?
24
Let b(k) = k**2 + 30*k - 205. Let n be b(-36). Suppose -n*z + 512 = -390. What is the remainder when 406 is divided by z?
78
Suppose 0 = 9*y - 8*y + 63. Let j(s) = -s**3 + 2*s**2 + 2*s - 1. What is the remainder when (258/4)/(y/(-42)) is divided by j(-2)?
10
Suppose 14*r + 2796173 - 2797895 = 0. Calculate the remainder when r is divided by -18*(1 - 0)*-1.
15
Let j = -65 - -134. What is the remainder when j is divided by 41?
28
Suppose 21*m - 696 - 2412 = 0. Suppose u + 3*u = m. What is the remainder when u is divided by 13?
11
What is the remainder when 1171 is divided by (-3)/5 - ((-6)/27 + 4264/(-90))?
43
Suppose 2*f + 6*q - 14 = 3*q, 5*q - 6 = -2*f. Suppose 63 = 4*x - f. What is the remainder when 47 is divided by x?
9
Let m be ((-8)/6)/((-20)/225*5). Let y(z) = 11*z**3 - 2*z**2 + 14*z - 5. What is the remainder when y(m) is divided by 29?
26
Let l = -39 - -36. Let a be ((2 - 2)/l)/(-1). Suppose a = 4*f - 19 - 49. Calculate the remainder when 99 is divided by f.
14
Suppose -2*k + 61 = -51. Suppose -5*c - 180 = -5*q, -5*q + 177 = -34*c + 32*c. Calculate the remainder when k is divided by q.
21
Let p(h) = 2*h - 4. Let g = 11 - 8. Let d be p(g). Suppose d = 3*m - 19. Calculate the remainder when 40 is divided by m.
5
Suppose -5*k - 1205 = -4*c, -3091*k + 610 = 2*c - 3095*k. Calculate the remainder when 889 is divided by c.
4
Suppose -9*q = -5*q - 4. Suppose -4 = -m + q. What is the remainder when 107 is divided by 5 - (m - (25 + 2))?
26
Let w = -2315 - -2377. What is the remainder when 395 is divided by w?
23
Let h = 60 - -1366. Calculate the remainder when h is divided by 27.
22
Let w = -1772 - -1797. Suppose -v + 191 = 2*u, -373 = -4*u + 3*v - 8*v. What is the remainder when u is divided by w?
22
Let n(j) = 2*j**2 + j + 75. What is the remainder when n(0) is divided by ((-384)/(-2112))/(1/66)?
3
Let i = -398 - -347. What is the remainder when 188 - ((-1 - -2) + -1) is divided by (-2431)/i + (3 - (-8)/(-3))?
44
Let w = -11866 + 12920. Calculate the remainder when w is divided by 29.
10
Let m = -176 + 176. Suppose -4*v - 33 + 313 = m. What is the remainder when v is divided by 18?
16
Suppose 0*w + 156 = -m - 4*w, -5*m - 5*w - 705 = 0. Let b = m - -147. Let a(g) = -g**3 - 4*g**2 + 4*g - 7. Calculate the remainder when a(-8) is divided by b.
8
Let d = -7 + 4. Suppose 3*y + 2 = b, -3*y - 4*b + 1037 = 1044. What is the remainder when 128 is divided by -1 + (y*102)/d?
29
Let j(z) = -z**2 + 11*z - 5. Let o be ((-42)/(-2))/(-3) - -4. What is the remainder when (-10)/30 + (-142)/o is divided by j(6)?
22
Let c(l) = 53*l + 600. What is the remainder when c(-11) is divided by 9?
8
Suppose -86*b + 8601 = 3*z - 89*b, 2*b + 2873 = z. What is the remainder when z is divided by 16?
13
Let s(h) = -12*h**3 - 21*h**2 - 8*h - 100. Calculate the remainder when s(-8) is divided by 227.
224
Suppose z - 119 = 471. Suppose 379 = 3*f - 2*v, 0 = 3*f - 8*f - 5*v + z. What is the remainder when f is divided by 65?
58
Let z = 7 + 128. Suppose -4*w - b + 420 = 3*b, -w = -5*b - z. Calculate the remainder when w is divided by (8/6)/(-1) + 1911/63.
23
Let m be (46/8 - 1) + 10/40. Suppose -m*r = -1353 - 2. What is the remainder when r is divided by 68?
67
Let v(q) = q**3 - 6*q**2 + 2*q + 2. Suppose 4305*n + 1456 = 4312*n. Calculate the remainder when n is divided by v(6).
12
Suppose 9*p - 59 - 67 = 0. Suppose -13*q = -p*q + 73. Let j = -54 + q. What is the remainder when 55 is divided by j?
17
Let m be 1*7 + (-3 + 5 - 3). Suppose 0 = -5*l + 3*l + 458. Suppose x - 3*v = l, -3*x = -2*v + m*v - 713. Calculate the remainder when x is divided by 34.
31
Suppose 8 = -o + 4*o + 2*m, 0 = 4*o - 4*m - 24. What is the remainder when 64 is divided by ((-28)/(-14))/(o/36)?
10
Let y = 36 + -161. Let z = y - -131. What is the remainder when 58 is divided by z?
4
Suppose 35*f = -5*j + 31*f + 99229, 4*f = -4*j + 79384. Suppose -549 = 12*a - j. Calculate the remainder when a is divided by 70.
68
Let d = 49 - 113. Let o = d + 118. What is the remainder when 151 is divided by o?
43
Suppose -84 = -2*o - 110*k + 109*k, 4*k + 8 = 0. Calculate the remainder when 420 is divided by o.
33
What is the remainder when 6323 is divided by ((-7)/(-28)*-74)/(105/18 + -6)?
107
Suppose 6*d - 6 = 3*d. Let b = d - -72. What is the remainder when 294 is divided by b?
72
Let m(y) = -y**3 - 9*y**2 + 62*y - 71. Calculate the remainder when m(-14) is divided by 22.
19
Let h(g) = 5*g + 62. Let i be h(-13). Let c(r) = -208*r - 167. What is the remainder when c(i) is divided by 77?
72
Suppose 5 = -5*y, -n - 315 = -6*n - 5*y. Suppose -5*x + 203 = -p, -145 - n = -5*x - 2*p. What is the remainder when x is divided by ((-44)/(-5))/(6/15)?
19
Suppose -4*b + t + 140 = 0, -3*b - b = 5*t - 140. What is the remainder when 11 is divided by 10/b - 19/(-7)?
2
Let i be (-20)/(-4)*(-6)/10. Let p be -1*3/(-9) - 11/i. Suppose 5*l = p*f - 25, -5*l + 3 = 8. What is the remainder when 10 is divided by f?
0
Let w = -58 - -85. Suppose 4*v = -2 + 18, 0 = -5*h + 4*v + 359. What is the remainder when h is divided by w?
21
Let a(x) = x**2 + 6*x - 8. Let j = 71 + -46. Calculate the remainder when a(-11) is divided by ((-36)/30)/((-3)/j).
7
Let t = -107796 - -107819. Suppose -w + 0*l + 191 = 4